{"id":12306,"date":"2025-04-20T13:26:37","date_gmt":"2025-04-20T10:26:37","guid":{"rendered":"http:\/\/vossenstudios.com\/eng\/?page_id=12306"},"modified":"2025-10-21T04:19:18","modified_gmt":"2025-10-21T01:19:18","slug":"privacy-policy","status":"publish","type":"page","link":"https:\/\/vossenstudios.com\/eng\/privacy-policy\/","title":{"rendered":"Privacy Policy"},"content":{"rendered":"\r\n<h2 class=\"wp-block-heading\"><span class=\"HwtZe\" lang=\"et\"><span class=\"jCAhz ChMk0b\"><span class=\"ryNqvb\">Privaatsuspoliitika<\/span><\/span><\/span><\/h2>\r\n\r\n\r\n\r\n\r\n\r\n<p><span class=\"HwtZe\" lang=\"et\"><span class=\"jCAhz ChMk0b\"><span class=\"ryNqvb\">BEH GROUP O\u00dc (\u201cmeie\u201d, \u201cmeie\u201d v\u00f5i \u201cmeie\u201d) austab teie privaatsust ja on p\u00fchendunud teie isikuandmete kaitsmisele.<\/span><\/span> <span class=\"jCAhz ChMk0b\"><span class=\"ryNqvb\">See privaatsuspoliitika annab teile teavet selle kohta, kuidas me teie isikuandmeid kogume, kasutame ja jagame, kui k\u00fclastate meie veebisaiti, ostate meie tooteid ja teenuseid v\u00f5i suhtlete meiega muul viisil.<\/span><\/span><\/span><\/p>\r\n\r\n\r\n\r\n<h2 class=\"wp-block-heading\"><span class=\"HwtZe\" lang=\"et\"><span class=\"jCAhz ChMk0b\"><span class=\"ryNqvb\">1. Vastutav andmet\u00f6\u00f6tleja<\/span><\/span><\/span><\/h2>\r\n\r\n\r\n\r\n<h4><span class=\"HwtZe\" lang=\"et\"><span class=\"jCAhz ChMk0b\"><span class=\"ryNqvb\">1.1<\/span><\/span><\/span><\/h4>\r\n<p><span class=\"HwtZe\" lang=\"et\"><span class=\"jCAhz ChMk0b\"><span class=\"ryNqvb\">BEH GROUP O\u00dc on teie isikuandmete eest vastutav andmet\u00f6\u00f6tleja.<\/span><\/span> <span class=\"jCAhz ChMk0b\"><span class=\"ryNqvb\">Kui teil on oma andmetega seoses k\u00fcsimusi v\u00f5i muresid, v\u00f5tke meiega \u00fchendust aadressil: <\/span><\/span><span class=\"jCAhz ChMk0b\"><span class=\"ryNqvb\">E-post: info@vossenstudios.com<\/span><\/span><\/span><\/p>\r\n\r\n\r\n\r\n<h2 class=\"wp-block-heading\"><span class=\"HwtZe\" lang=\"et\"><span class=\"jCAhz ChMk0b\"><span class=\"ryNqvb\">2. Andmed, mida me kogume<\/span><\/span><\/span><\/h2>\r\n<h4><span class=\"HwtZe\" lang=\"et\"><span class=\"jCAhz ChMk0b\"><span class=\"ryNqvb\">2.1 V\u00f5ime koguda j\u00e4rgmisi isikuandmeid:<\/span><\/span><\/span><\/h4>\r\n\r\n\r\n\r\n<p><span class=\"HwtZe\" lang=\"et\"><span class=\"jCAhz ChMk0b\"><span class=\"ryNqvb\">Kontaktandmed: n\u00e4iteks teie nimi, e-posti aadress ja muu teave, mille esitate ostu sooritamisel v\u00f5i meiega \u00fchenduse v\u00f5tmisel. <\/span><\/span><span class=\"jCAhz ChMk0b\"><span class=\"ryNqvb\">Makseteave: t\u00f6\u00f6tleme teie makseandmeid meie turvalise makseteenuse pakkuja kaudu ja me ei salvesta teie pangakaardi andmeid. <\/span><\/span><span class=\"jCAhz ChMk0b\"><span class=\"ryNqvb\">Tehnilised andmed: n\u00e4iteks IP-aadress, brauseri t\u00fc\u00fcp, seadme teave ja meie k\u00fcpsiste kasutamise kaudu kogutud andmed.<\/span><\/span><\/span><\/p>\r\n\r\n\r\n\r\n<h2 class=\"wp-block-heading\"><span class=\"HwtZe\" lang=\"et\"><span class=\"jCAhz ChMk0b\"><span class=\"ryNqvb\">3. Kuidas me andmeid kogume<\/span><\/span><\/span><\/h2>\r\n<h4><span class=\"HwtZe\" lang=\"et\"><span class=\"jCAhz\"><span class=\"ryNqvb\">3.1 Kogume andmeid j\u00e4rgmiselt:<\/span><\/span><\/span><\/h4>\r\n\r\n\r\n\r\n<p><span class=\"HwtZe\" lang=\"et\"><span class=\"jCAhz ChMk0b\"><span class=\"ryNqvb\">Otsene suhtlus: esitate andmeid meie toodete ostmisel, vorme t\u00e4ites v\u00f5i meiega \u00fchendust v\u00f5ttes. <\/span><\/span><span class=\"jCAhz ChMk0b\"><span class=\"ryNqvb\">Automatiseeritud tehnoloogiad: meie veebisaidiga suhtlemisel kogume andmeid k\u00fcpsiste, anal\u00fc\u00fcsit\u00f6\u00f6riistade (nt Palusible Analytics) ja turvat\u00f6\u00f6riistade (nt Patchstack) kaudu.<\/span><\/span><\/span><\/p>\r\n\r\n\r\n\r\n<h2 class=\"wp-block-heading\"><span class=\"HwtZe\" lang=\"et\"><span class=\"jCAhz ChMk0b\"><span class=\"ryNqvb\">4. Kuidas me teie andmeid kasutame<\/span><\/span><\/span><\/h2>\r\n\r\n\r\n\r\n<h4>4.1<\/h4>\r\n<p><span class=\"HwtZe\" lang=\"et\"><span class=\"jCAhz ChMk0b\"><span class=\"ryNqvb\">Plausible Analytics: privaatsusele keskendunud anal\u00fc\u00fctika platvorm, mis kogub \u00fcldisi andmeid meie veebilehe kasutamise kohta. <\/span><\/span><span class=\"jCAhz ChMk0b\"><span class=\"ryNqvb\">BunnyCDN: veebisaidi turvalisuse ja j\u00f5udluse optimeerimise jaoks. <\/span><\/span><span class=\"jCAhz ChMk0b\"><span class=\"ryNqvb\">Patchstack: meie veebisaidi kaitsmiseks turvaohtude ja haavatavuste eest.<\/span><\/span><\/span><\/p>\r\n\r\n\r\n\r\n<h2 class=\"wp-block-heading\"><span class=\"HwtZe\" lang=\"et\"><span class=\"jCAhz ChMk0b\"><span class=\"ryNqvb\">5. Andmete s\u00e4ilitamine<\/span><\/span><\/span><\/h2>\r\n<h4>5.1<\/h4>\r\n<p><span class=\"HwtZe\" lang=\"et\"><span class=\"jCAhz ChMk0b\"><span class=\"ryNqvb\">S\u00e4ilitame teie isikuandmeid ainult seni, kuni see on vajalik eesm\u00e4rkide t\u00e4itmiseks, milleks need koguti, ja koosk\u00f5las juriidiliste n\u00f5uetega.<\/span><\/span><\/span><\/p>\r\n\r\n\r\n\r\n<h2 class=\"wp-block-heading\"><span class=\"HwtZe\" lang=\"et\"><span class=\"jCAhz ChMk0b\"><span class=\"ryNqvb\">6. Teie \u00f5igused<\/span><\/span><\/span><\/h2>\r\n<h4>6.1<\/h4>\r\n\r\n\r\n\r\n<p><span class=\"HwtZe\" lang=\"et\"><span class=\"jCAhz ChMk0b\"><span class=\"ryNqvb\">GDPR-i kohaselt on teil \u00f5igus: <\/span><\/span><span class=\"jCAhz ChMk0b\"><span class=\"ryNqvb\">Juurdep\u00e4\u00e4s oma isikuandmetele. <\/span><\/span><span class=\"jCAhz ChMk0b\"><span class=\"ryNqvb\">Parandage k\u00f5ik valed andmed. <\/span><\/span><span class=\"jCAhz ChMk0b\"><span class=\"ryNqvb\">Taotlege oma isikuandmete kustutamist. <\/span><\/span><span class=\"jCAhz ChMk0b\"><span class=\"ryNqvb\">Piirata v\u00f5i vaidlustada t\u00f6\u00f6tlemine. <\/span><\/span><span class=\"jCAhz\"><span class=\"ryNqvb\">Andmete teisaldatavus. <\/span><\/span><span class=\"jCAhz ChMk0b\"><span class=\"ryNqvb\">Nende \u00f5iguste kasutamiseks v\u00f5tke meiega \u00fchendust aadressil info@vossenstudios.com<\/span><\/span><\/span><\/p>\r\n<h2 class=\"wp-block-heading\"><span class=\"HwtZe\" lang=\"et\"><span class=\"jCAhz ChMk0b\"><span class=\"ryNqvb\">7. Rahvusvahelised andmeedastused<\/span><\/span><\/span><\/h2>\r\n\r\n<h4>7.1<\/h4>\r\n<p><span class=\"HwtZe\" lang=\"et\"><span class=\"jCAhz ChMk0b\"><span class=\"ryNqvb\">V\u00f5ime edastada teie isikuandmeid v\u00e4ljapoole Euroopa Majanduspiirkonda (EMP) teenusepakkujatele riikides, kus ei pruugi olla samav\u00e4\u00e4rseid andmekaitseseadusi.<\/span><\/span> <span class=\"jCAhz ChMk0b\"><span class=\"ryNqvb\">Sellistel juhtudel tagame teie andmete kaitsmiseks sobivad kaitsemeetmed.<\/span><\/span><\/span><\/p>\r\n<h2 class=\"wp-block-heading\"><span class=\"HwtZe\" lang=\"et\"><span class=\"jCAhz ChMk0b\"><span class=\"ryNqvb\">8. Muudatused k\u00e4esolevas privaatsuspoliitikas<\/span><\/span><\/span><\/h2>\r\n<h4>8.1<\/h4>\r\n<p><span class=\"HwtZe\" lang=\"et\"><span class=\"jCAhz ChMk0b\"><span class=\"ryNqvb\">V\u00f5ime seda poliitikat aeg-ajalt v\u00e4rskendada.<\/span><\/span> <span class=\"jCAhz ChMk0b\"><span class=\"ryNqvb\">Uusim versioon on alati saadaval meie veebisaidil.<\/span><\/span><\/span><\/p>\r\n<p>&nbsp;<\/p>\r\n<p>Kuup\u00e4ev: April 20, 2025<\/p>\r\n<p>&nbsp;<\/p>","protected":false},"excerpt":{"rendered":"<p>Privaatsuspoliitika BEH GROUP O\u00dc (\u201cmeie\u201d, \u201cmeie\u201d v\u00f5i \u201cmeie\u201d) austab teie privaatsust ja on p\u00fchendunud teie isikuandmete kaitsmisele. See privaatsuspoliitika annab teile teavet selle kohta, kuidas me teie isikuandmeid kogume, kasutame ja jagame, kui k\u00fclastate meie veebisaiti, ostate meie tooteid ja teenuseid v\u00f5i suhtlete meiega muul viisil. 1. Vastutav andmet\u00f6\u00f6tleja 1.1 BEH GROUP O\u00dc on teie [&hellip;]<\/p>\n","protected":false},"author":1,"featured_media":0,"parent":0,"menu_order":0,"comment_status":"closed","ping_status":"closed","template":"page-templates\/homepage.php","meta":{"footnotes":""},"class_list":["post-12306","page","type-page","status-publish","hentry"],"yoast_head":"<!-- This site is optimized with the Yoast SEO plugin v27.3 - https:\/\/yoast.com\/product\/yoast-seo-wordpress\/ -->\n<title>Privacy Policy - Vossenstudios.com<\/title>\n<meta name=\"robots\" content=\"noindex, nofollow\" \/>\n<meta property=\"og:locale\" content=\"en_GB\" \/>\n<meta property=\"og:type\" content=\"article\" \/>\n<meta property=\"og:title\" content=\"Privacy Policy - Vossenstudios.com\" \/>\n<meta property=\"og:description\" content=\"Privaatsuspoliitika BEH GROUP O\u00dc (\u201cmeie\u201d, \u201cmeie\u201d v\u00f5i \u201cmeie\u201d) austab teie privaatsust ja on p\u00fchendunud teie isikuandmete kaitsmisele. See privaatsuspoliitika annab teile teavet selle kohta, kuidas me teie isikuandmeid kogume, kasutame ja jagame, kui k\u00fclastate meie veebisaiti, ostate meie tooteid ja teenuseid v\u00f5i suhtlete meiega muul viisil. 1. Vastutav andmet\u00f6\u00f6tleja 1.1 BEH GROUP O\u00dc on teie [&hellip;]\" \/>\n<meta property=\"og:url\" content=\"https:\/\/vossenstudios.com\/eng\/privacy-policy\/\" \/>\n<meta property=\"og:site_name\" content=\"Vossenstudios.com\" \/>\n<meta property=\"article:modified_time\" content=\"2025-10-21T01:19:18+00:00\" \/>\n<meta name=\"twitter:card\" content=\"summary_large_image\" \/>\n<meta name=\"twitter:label1\" content=\"Estimated reading time\" \/>\n\t<meta name=\"twitter:data1\" content=\"2 minutes\" \/>\n<script type=\"application\/ld+json\" class=\"yoast-schema-graph\">{\"@context\":\"https:\\\/\\\/schema.org\",\"@graph\":[{\"@type\":\"WebPage\",\"@id\":\"https:\\\/\\\/vossenstudios.com\\\/eng\\\/privacy-policy\\\/\",\"url\":\"https:\\\/\\\/vossenstudios.com\\\/eng\\\/privacy-policy\\\/\",\"name\":\"Privacy Policy - Vossenstudios.com\",\"isPartOf\":{\"@id\":\"https:\\\/\\\/vossenstudios.com\\\/eng\\\/#website\"},\"datePublished\":\"2025-04-20T10:26:37+00:00\",\"dateModified\":\"2025-10-21T01:19:18+00:00\",\"breadcrumb\":{\"@id\":\"https:\\\/\\\/vossenstudios.com\\\/eng\\\/privacy-policy\\\/#breadcrumb\"},\"inLanguage\":\"en-GB\",\"potentialAction\":[{\"@type\":\"ReadAction\",\"target\":[\"https:\\\/\\\/vossenstudios.com\\\/eng\\\/privacy-policy\\\/\"]}]},{\"@type\":\"BreadcrumbList\",\"@id\":\"https:\\\/\\\/vossenstudios.com\\\/eng\\\/privacy-policy\\\/#breadcrumb\",\"itemListElement\":[{\"@type\":\"ListItem\",\"position\":1,\"name\":\"Home\",\"item\":\"https:\\\/\\\/vossenstudios.com\\\/eng\\\/\"},{\"@type\":\"ListItem\",\"position\":2,\"name\":\"Privacy Policy\"}]},{\"@type\":\"WebSite\",\"@id\":\"https:\\\/\\\/vossenstudios.com\\\/eng\\\/#website\",\"url\":\"https:\\\/\\\/vossenstudios.com\\\/eng\\\/\",\"name\":\"Vossenstudios.com\",\"description\":\"Web development &amp; advertising solutions for small business owners\",\"publisher\":{\"@id\":\"https:\\\/\\\/vossenstudios.com\\\/eng\\\/#organization\"},\"potentialAction\":[{\"@type\":\"SearchAction\",\"target\":{\"@type\":\"EntryPoint\",\"urlTemplate\":\"https:\\\/\\\/vossenstudios.com\\\/eng\\\/?s={search_term_string}\"},\"query-input\":{\"@type\":\"PropertyValueSpecification\",\"valueRequired\":true,\"valueName\":\"search_term_string\"}}],\"inLanguage\":\"en-GB\"},{\"@type\":\"Organization\",\"@id\":\"https:\\\/\\\/vossenstudios.com\\\/eng\\\/#organization\",\"name\":\"Vossenstudios.com\",\"url\":\"https:\\\/\\\/vossenstudios.com\\\/eng\\\/\",\"logo\":{\"@type\":\"ImageObject\",\"inLanguage\":\"en-GB\",\"@id\":\"https:\\\/\\\/vossenstudios.com\\\/eng\\\/#\\\/schema\\\/logo\\\/image\\\/\",\"url\":\"https:\\\/\\\/vossenstudios.com\\\/eng\\\/wp-content\\\/uploads\\\/2024\\\/06\\\/vcg-preloader-logo.avif\",\"contentUrl\":\"https:\\\/\\\/vossenstudios.com\\\/eng\\\/wp-content\\\/uploads\\\/2024\\\/06\\\/vcg-preloader-logo.avif\",\"width\":500,\"height\":167,\"caption\":\"Vossenstudios.com\"},\"image\":{\"@id\":\"https:\\\/\\\/vossenstudios.com\\\/eng\\\/#\\\/schema\\\/logo\\\/image\\\/\"}}]}<\/script>\n<!-- \/ Yoast SEO plugin. -->","yoast_head_json":{"title":"Privacy Policy - Vossenstudios.com","robots":{"index":"noindex","follow":"nofollow"},"og_locale":"en_GB","og_type":"article","og_title":"Privacy Policy - Vossenstudios.com","og_description":"Privaatsuspoliitika BEH GROUP O\u00dc (\u201cmeie\u201d, \u201cmeie\u201d v\u00f5i \u201cmeie\u201d) austab teie privaatsust ja on p\u00fchendunud teie isikuandmete kaitsmisele. See privaatsuspoliitika annab teile teavet selle kohta, kuidas me teie isikuandmeid kogume, kasutame ja jagame, kui k\u00fclastate meie veebisaiti, ostate meie tooteid ja teenuseid v\u00f5i suhtlete meiega muul viisil. 1. Vastutav andmet\u00f6\u00f6tleja 1.1 BEH GROUP O\u00dc on teie [&hellip;]","og_url":"https:\/\/vossenstudios.com\/eng\/privacy-policy\/","og_site_name":"Vossenstudios.com","article_modified_time":"2025-10-21T01:19:18+00:00","twitter_card":"summary_large_image","twitter_misc":{"Estimated reading time":"2 minutes"},"schema":{"@context":"https:\/\/schema.org","@graph":[{"@type":"WebPage","@id":"https:\/\/vossenstudios.com\/eng\/privacy-policy\/","url":"https:\/\/vossenstudios.com\/eng\/privacy-policy\/","name":"Privacy Policy - Vossenstudios.com","isPartOf":{"@id":"https:\/\/vossenstudios.com\/eng\/#website"},"datePublished":"2025-04-20T10:26:37+00:00","dateModified":"2025-10-21T01:19:18+00:00","breadcrumb":{"@id":"https:\/\/vossenstudios.com\/eng\/privacy-policy\/#breadcrumb"},"inLanguage":"en-GB","potentialAction":[{"@type":"ReadAction","target":["https:\/\/vossenstudios.com\/eng\/privacy-policy\/"]}]},{"@type":"BreadcrumbList","@id":"https:\/\/vossenstudios.com\/eng\/privacy-policy\/#breadcrumb","itemListElement":[{"@type":"ListItem","position":1,"name":"Home","item":"https:\/\/vossenstudios.com\/eng\/"},{"@type":"ListItem","position":2,"name":"Privacy Policy"}]},{"@type":"WebSite","@id":"https:\/\/vossenstudios.com\/eng\/#website","url":"https:\/\/vossenstudios.com\/eng\/","name":"Vossenstudios.com","description":"Web development &amp; advertising solutions for small business owners","publisher":{"@id":"https:\/\/vossenstudios.com\/eng\/#organization"},"potentialAction":[{"@type":"SearchAction","target":{"@type":"EntryPoint","urlTemplate":"https:\/\/vossenstudios.com\/eng\/?s={search_term_string}"},"query-input":{"@type":"PropertyValueSpecification","valueRequired":true,"valueName":"search_term_string"}}],"inLanguage":"en-GB"},{"@type":"Organization","@id":"https:\/\/vossenstudios.com\/eng\/#organization","name":"Vossenstudios.com","url":"https:\/\/vossenstudios.com\/eng\/","logo":{"@type":"ImageObject","inLanguage":"en-GB","@id":"https:\/\/vossenstudios.com\/eng\/#\/schema\/logo\/image\/","url":"https:\/\/vossenstudios.com\/eng\/wp-content\/uploads\/2024\/06\/vcg-preloader-logo.avif","contentUrl":"https:\/\/vossenstudios.com\/eng\/wp-content\/uploads\/2024\/06\/vcg-preloader-logo.avif","width":500,"height":167,"caption":"Vossenstudios.com"},"image":{"@id":"https:\/\/vossenstudios.com\/eng\/#\/schema\/logo\/image\/"}}]}},"_links":{"self":[{"href":"https:\/\/vossenstudios.com\/eng\/wp-json\/wp\/v2\/pages\/12306","targetHints":{"allow":["GET"]}}],"collection":[{"href":"https:\/\/vossenstudios.com\/eng\/wp-json\/wp\/v2\/pages"}],"about":[{"href":"https:\/\/vossenstudios.com\/eng\/wp-json\/wp\/v2\/types\/page"}],"author":[{"embeddable":true,"href":"https:\/\/vossenstudios.com\/eng\/wp-json\/wp\/v2\/users\/1"}],"replies":[{"embeddable":true,"href":"https:\/\/vossenstudios.com\/eng\/wp-json\/wp\/v2\/comments?post=12306"}],"version-history":[{"count":4,"href":"https:\/\/vossenstudios.com\/eng\/wp-json\/wp\/v2\/pages\/12306\/revisions"}],"predecessor-version":[{"id":19527,"href":"https:\/\/vossenstudios.com\/eng\/wp-json\/wp\/v2\/pages\/12306\/revisions\/19527"}],"wp:attachment":[{"href":"https:\/\/vossenstudios.com\/eng\/wp-json\/wp\/v2\/media?parent=12306"}],"curies":[{"name":"wp","href":"https:\/\/api.w.org\/{rel}","templated":true}]}}